t common divisor of w and 7?
7
Let b(h) = -h**3 - 4*h**2. Let d be b(-4). Let a = 4 - d. Calculate the greatest common divisor of a and 4.
4
Suppose 0 = j - 3. Suppose 0 = -b - 0*y + y + 13, -j*b - 3*y = -27. Suppose 0 = -4*w + 11*w - 231. Calculate the highest common divisor of b and w.
11
Let l = -15 - -18. What is the greatest common factor of l and 21?
3
Let d be 3582/21 + (-9)/(-21). Calculate the highest common divisor of d and 19.
19
Suppose -5*g + 5*f + 26 = 1, -g + 3*f = 1. Let n = -1 + 2. What is the greatest common divisor of g and n?
1
Let m = 0 + 6. Let p = m - -10. Calculate the greatest common factor of 8 and p.
8
Let h be (-2)/(-3)*3 - 1. Suppose -5 = -z + 6. Calculate the highest common divisor of h and z.
1
Let c = 205 + -113. Let h = -37 + c. What is the greatest common factor of h and 11?
11
Suppose 2*i - 27 = -5*m, i - 2*m + 14 = 2*i. What is the highest common factor of 16 and i?
16
Suppose -22 = 5*d - 5*m - 102, m = -d + 20. Let l be ((-8)/(-12))/((-1)/(-243)). Calculate the highest common divisor of l and d.
18
Suppose 0*f + 5*f - 15 = 0. Let d = -1 - -2. Calculate the greatest common factor of f and d.
1
Let d(c) = -c**3 - 4*c**2 - 2*c - 4. Let t = -13 + 8. Let f = 1 + t. Let i be d(f). What is the highest common factor of 32 and i?
4
Suppose -132 = -2*x + 4*x. Let s = -6 - x. Calculate the highest common divisor of s and 15.
15
Suppose 300 = 4*f + f. Suppose -37*g = -36*g - 10. Calculate the highest common factor of f and g.
10
Let l(k) = 25*k - 2. Let s(q) = -q**2 - 15*q - 10. Let v be s(-14). Let x be l(v). Calculate the highest common divisor of 14 and x.
14
Let h(y) = -2*y - 10. Let x be h(-8). Suppose 2 + x = 2*w. Suppose -w*d = 2*i - 9*d - 17, -d = -4*i + 43. Calculate the greatest common divisor of 121 and i.
11
Suppose 0 = 5*o + 5, -4*f - 2*o + 14 + 200 = 0. What is the greatest common factor of 81 and f?
27
Suppose w = -c + 86, 2*c + 3*w - 143 = 31. Calculate the highest common divisor of 36 and c.
12
Suppose 0 = -2*q + 3*j + 1, 0*q - 2*q = -4*j + 4. What is the highest common divisor of 20 and q?
4
Let p(x) = 3*x**2 + 4*x - 4*x + 1 - x**2 + 43*x**3 - 2*x. Let j be p(1). Suppose -j = -3*m + 2*m. Calculate the highest common factor of 4 and m.
4
Suppose -b = -5*m + 253, 3*m - 4*b - 171 = -9. Calculate the greatest common divisor of m and 10.
10
Suppose 5*c + 1 = 5*l - 4, -3*l + 13 = 2*c. What is the greatest common factor of 22 and c?
2
Let d(g) = g**3 + 5*g**2 - 2*g - 5. Let z be d(-5). Let b = -4 + z. Suppose p = -b + 9. What is the greatest common factor of p and 4?
4
Let q(k) = -2*k - 4. Suppose -3*t - 16 = -2*p, 9 = -t + 2*p + 1. Let r be q(t). Calculate the greatest common factor of r and 20.
4
Let g = -14 + 21. Let f be 129 - g/(7/3). What is the highest common factor of f and 18?
18
Suppose n - 4*o - 32 = 0, 5*n - 3*o + 7 = 82. Calculate the greatest common divisor of n and 132.
12
Suppose 0 = -y + 9*y - 152. What is the highest common divisor of y and 38?
19
Let k(w) = w**2 - 3*w. Let j be k(-3). What is the highest common divisor of j and 144?
18
Let m = 145 - 137. Calculate the highest common factor of m and 52.
4
Suppose -3*t = -5*m - t + 127, -4*m - t + 112 = 0. What is the highest common factor of m and 3?
3
Let o = 63 - 34. What is the greatest common divisor of o and 29?
29
Let b be 4*(-1 - -2)/1. Let s = -156 + 260. Suppose -q + 20 = -2*i + i, b*q - s = -2*i. Calculate the highest common divisor of q and 16.
8
Let p be 12 - 1 - (-3 - -2). What is the greatest common divisor of p and 36?
12
Suppose v = 12 + 28. What is the greatest common factor of v and 20?
20
Let g be (-1)/(((-2)/(-18))/1). Let j be 5/((g/66)/(-3)). Calculate the highest common divisor of 10 and j.
10
Suppose -21*t - 80 = -26*t. What is the greatest common factor of t and 8?
8
Let q(h) be the second derivative of -h**4/12 + 2*h**3 + 5*h**2 + h. Let l be q(10). Calculate the highest common divisor of 10 and l.
10
Suppose -4*x + i + 196 = 0, 0*i + 132 = 3*x + 3*i. Calculate the greatest common divisor of 16 and x.
16
Suppose 0 = 5*x - 60 - 190. Suppose 2*n - 6*n = -2*w - 14, 5*w + n - 20 = 0. Suppose -w*k + x = -70. What is the highest common factor of 8 and k?
8
Let k be (55 - 12/4) + -2. What is the greatest common divisor of k and 10?
10
Suppose -4*r = 17 - 1. Let l(j) = j**2 + 3*j - 3. Let f be l(r). Let g be -2 + 2 - -20*f. What is the greatest common divisor of 4 and g?
4
Let d = -87 - -206. What is the greatest common factor of 17 and d?
17
Let m = -2 + 13. Calculate the highest common factor of 1 and m.
1
Suppose -3*h - z + 1 = -2*h, h + 3*z = 11. Suppose 5*u - 17 = 2*m, -5*m = 5*u + 17 + 8. Let l = h - m. What is the greatest common divisor of l and 6?
2
Let x(t) = t**2 + 9*t + 12. Let s be x(-8). What is the greatest common factor of s and 4?
4
Suppose 8*b = 5*b + 108. What is the greatest common divisor of b and 24?
12
Suppose 0*m + 4*u + 116 = 2*m, 4*m - 3*u = 247. Suppose 3*v = 2*c - 0*v - 22, v - 6 = -c. Calculate the greatest common factor of c and m.
8
Suppose -4*d = -5*d + 11. Calculate the greatest common factor of d and 33.
11
Suppose 2*b - p = 247, -2*b + 2*p - 262 = -4*b. What is the greatest common divisor of b and 14?
14
Suppose -3*f - 2*f - 60 = 0. Let u be (3 - 10)/(2/f). What is the greatest common factor of 14 and u?
14
Let p = 1541 + -992. Calculate the highest common divisor of 61 and p.
61
Let m = 103 + -33. Suppose -k + 12 = -2. Calculate the highest common factor of m and k.
14
Let y(b) = -b**2 + 6*b. Let d be y(6). Suppose d = u + u. Suppose 56 = 4*w - u. What is the greatest common factor of w and 2?
2
Suppose 46 = -4*b + 206. Suppose -c + 227 = b. Suppose -5*d + c + 173 = 0. Calculate the highest common factor of 9 and d.
9
Let p(l) be the third derivative of l**5/30 + l**4/12 + l**3/2 + 4*l**2. Let h be p(-2). What is the highest common divisor of h and 63?
7
Suppose 7*n + 5*v = 3*n, 0 = 3*n - 2*v. Let g be 82/(n + 2) + -1. Let h = g + 50. Calculate the greatest common divisor of 10 and h.
10
Let h(u) = 2*u. Suppose 4 = 2*c, -3*m + 0*m = 3*c - 27. Let j be h(m). What is the greatest common divisor of 42 and j?
14
Suppose 6*l - 45 = l. Let s = 0 + 1. Let b be 27*(-2 + s + 2). Calculate the greatest common divisor of l and b.
9
Let d(k) = 20*k**3 + k**2 - 4*k + 3. Let a be d(1). Let n be (-2 + -2)*5/(-2). What is the greatest common factor of a and n?
10
Let v(k) = 8*k**2 + 8*k + 9. Let b(o) = 7*o**2 + 9*o + 9. Let d(g) = 6*b(g) - 5*v(g). Let m be d(-9). Calculate the greatest common divisor of m and 18.
9
Suppose 4*z + 2*x - 132 = -x, 0 = 5*x + 20. Suppose -5*u + 3*t + 69 = 0, -2*u + 4*u = 4*t + z. Calculate the greatest common factor of 36 and u.
12
Let q(v) = v**3 + 8*v**2 + 6*v - 10. Let d be q(-7). Let p be (d + (-20)/(-12))*-3. Calculate the highest common factor of 4 and p.
4
Suppose 8*n - 3*n + 5*x + 5 = 0, -x - 4 = 0. Suppose -2*z + 106 = n*h, 3*z + 25 = -3*h + 130. What is the highest common factor of 24 and h?
12
Let g = -9 + 61. Suppose -4*q + 3 = -3*f, 0*f + 1 = -5*q - f. Suppose 5*t + 3*k - g = q, k - 5 + 1 = 0. Calculate the greatest common factor of t and 24.
8
Suppose 0*h + 2*f = -5*h + 10, 5*h + 5 = -5*f. Calculate the highest common divisor of h and 68.
4
Suppose 0 = d - 2*d + 25. Calculate the greatest common factor of d and 200.
25
Let o = -14 - -33. Let z be (15/9)/(1/168). Let f = 451 - z. What is the greatest common factor of f and o?
19
Let s be (-27)/(-6)*24/9. Let w be 8/6 - s/(-18). What is the greatest common factor of 5 and w?
1
Let x = -5 + 25. What is the highest common divisor of x and 5?
5
Let f(b) be the first derivative of -5*b**2/2 - 3*b - 3. Let r be f(-3). Calculate the greatest common divisor of r and 48.
12
Let y be ((-12)/14)/(24/(-112)). What is the highest common divisor of 4 and y?
4
Let v = 22 + -13. Let z(f) = f**2 - 8*f - 5. Let j be z(v). What is the greatest common divisor of 28 and j?
4
Let t(g) = g + 12. Let h be t(-6). Suppose 0 = 4*m - 5*a - 19, 2*m = -5*a - 0*a - 13. Calculate the greatest common divisor of m and h.
1
Let z be 477/12 + (-6)/8. Suppose 38 = 3*q - 1. Calculate the greatest common factor of q and z.
13
Let x = 12 - 5. Suppose 0 = -x*t + 3*t + 144. Suppose 0 = r - 5*r + t. Calculate the highest common factor of 9 and r.
9
